Let u(d) = 2*d**3 + 500*d + 35 + 2*d**3 - 45*d**2 - 521*d. Let o(y) = y**3 - 11*y**2 - 5*y + 9. Let l(c) = 9*o(c) - 2*u(c). Determine l(9).
-16
Let w(j) = 2*j**2 - 6*j + 2*j**2 + 4*j**2. Let h(a) = a**2 - a. Let v(p) = 5*h(p) - w(p). Let l = 570640 - 570639. Determine v(l).
-2
Let a(u) be the second derivative of 7*u**3/6 - 10*u**2 + 938*u + 1. Calculate a(-9).
-83
Suppose -2*a + 128 - 104 = 0. Suppose 6 = -3*g + a. Let w(s) = 8*s - 5*s**2 - 35 - g*s**2 + 6*s**2 + 26. Give w(6).
3
Let v be (-1632)/(-15) + 4/20. Let a(u) = u + 59 - u**2 + 55 - v. Give a(0).
5
Let n(f) = f**3 - 4*f**2 - 11*f - 5. Suppose 3*g = 3*w - 4 + 22, 3*g + w - 30 = 0. Suppose 163 = g*k + 109. What is n(k)?
1
Suppose 3*d + 34 = -59*z + 60*z, -z = d - 14. Suppose z*y - 3 = 16. Let b(m) = m**2 - 2*m + 1. Calculate b(y).
0
Let y(u) = -u**3 - u**2 - 4. Let i be y(0). Let x be (-15)/(-25) + i/(-10) + -14. Let n be (-204)/26 + 1 - (-2)/x. Let k(f) = -f**2 - 9*f + 2. What is k(n)?
16
Let z(d) = d**3 - 7*d**2 + 13*d - 1. Let s be z(4). Suppose s = -3*h + 15. Let j(r) = h - 4 + r - 2. Calculate j(-6).
-8
Let g(c) = 2*c**3 + 5*c**2 - 19*c + 32. Suppose 86*m - 280 = -328 - 382. What is g(m)?
2
Let y(h) be the second derivative of h**6/360 - h**5/30 + 5*h**4/4 - h**2 - h - 2. Let n(r) be the third derivative of y(r). Give n(6).
8
Suppose 7*q = 747 + 2. Let c = -99 + q. Let u(b) = 2*b - 4. Give u(c).
12
Let q(o) = 10*o**2 - 1. Suppose -9*i = -111 - 87. Suppose 4*r - i = 2*r. Suppose 5*t = 4*h + 3, -5*h - r + 4 = -3*t. Give q(t).
9
Let g(j) = j**3 - 9*j**2 + j - 3. Let c be g(9). Suppose -c*p + 2*p = 20. Let b(s) = -s + 2. What is b(p)?
7
Suppose -k + 14 = -m, 292*m - 34 = 295*m - 2*k. Let x(y) = y - 31. Calculate x(m).
-37
Let x be (-3150)/(-54)*(-12)/(-10). Suppose -66 = -m - x. Let o(k) = -2*k + 1. Calculate o(m).
9
Let n(j) = 3*j - 11. Let a(k) = 8*k - 20. Let m(c) = 6*a(c) - 14*n(c). Calculate m(-6).
-2
Let y(u) = u**2 - u - 12. Let h(n) = -n**2 + 11. Let c(b) = -4*h(b) - 3*y(b). Let z(i) = 6*i - 60. Let x be z(9). Calculate c(x).
10
Let j = 21 + -21. Let u(g) = 3 + g**3 - 9*g - 3*g**2 + 6*g + j*g**3. Let v = -25 - -27. What is u(v)?
-7
Suppose -4*p - 3*l + 11 = 0, -p + 3*p - l = 13. Suppose 0 = -3*c + 2 - 11, 2*c - 44 = -p*r. Let h be r/(-2 + 6 + -6). Let j(s) = s**2 + 5*s - 7. Determine j(h).
-7
Let d(q) = 17*q**3 - 78*q**2 - 30*q + 60. Let p(a) = 8*a**3 - 38*a**2 - 14*a + 29. Let z(u) = 6*d(u) - 13*p(u). What is z(13)?
9
Let h(b) = b - 13. Let z be h(22). Suppose -z*i = 19 + 8. Let k be i + -1 + -3 + 5. Let d(x) = -x**2 + x + 2. What is d(k)?
-4
Let q(z) be the second derivative of 2*z**3/3 + 2*z**2 - 31*z + 22. What is q(-17)?
-64
Let d(h) be the first derivative of h**4/4 + 19*h**3/3 + 15*h**2/2 + 6*h - 1585. Determine d(-18).
60
Let u be (-4 + 3 - -2)/(2/4). Let f(q) = -14*q**2 - 17*q**2 + 30*q**u + q - q**3 + 1. What is f(-2)?
3
Suppose 0 = 3*d - q - 24, -2*d + 3*q + 21 = 12. Let f(p) = -11 - 11*p + d*p + p**3 + 4*p - 3*p. What is f(0)?
-11
Suppose 0 = -2*m - 5*v + 27, 0 = -3*v - 27 + 48. Let w(q) = 8*q + 21. Calculate w(m).
-11
Let i(w) = -17 + 34 + 4*w - 25 - w**3 - 5*w**2. Let j(o) = 3*o**2 + 6*o + 31. Let a be j(-3). Let s = a - 46. Give i(s).
4
Let d(c) be the second derivative of -c**5/20 + c**4/4 + 2*c**3/3 - c**2 + 2938*c. What is d(4)?
-2
Let l(i) be the second derivative of 0 - 1/2*i**4 + i**3 - 2*i**2 + 61*i - 1/20*i**5. Determine l(-7).
3
Let u(v) = 12*v + 7. Let o(k) = -19*k - 11. Let h(d) = -5*o(d) - 8*u(d). Let x be (-1)/(-4) - 270/120. Determine h(x).
1
Let m(w) = 6*w**2 - 37*w - 159. Let a be m(9). Let d(z) = z + 19. Give d(a).
13
Let m(t) = 5*t**2 + 1. Let l(x) be the first derivative of x**4/4 - 2*x**3 - 4*x**2 + 6*x - 45. Let w be l(7). Determine m(w).
6
Let y = -3438 + 3430. Let u(p) = -p**3 - 9*p**2 - 13*p - 21. Give u(y).
19
Let t(o) = 3*o - 3*o**2 - o**3 - 11*o + 821 - 852. Let y be t(-3). Let g(i) = -3*i**2 + 4*i + 4*i + 4*i**2 + 0*i - 6. Determine g(y).
-13
Let t(j) = -43*j - 428. Let u be t(-10). Let x be 14 + -1 + (u - -4) + -12. Let i(h) = h**3 - 6*h**2 - 5*h - 7. Calculate i(x).
7
Let d be ((-45)/9)/((-10)/6). Let t(p) = p**2 + p - 8. Let r be t(d). Let v(s) = -3 - 4*s**3 + s**2 + 2 + r*s**3 - 16*s**3. What is v(1)?
-16
Let p(q) = 3*q**2 - q + 23. Suppose -4*b = -12*r + 11*r - 4, 3*b + r - 10 = 0. Let t(s) = s**2 - s - 1. Let k(i) = b*t(i) - p(i). Give k(0).
-25
Let v(d) = -34*d**3 + d - 1. Suppose 7*j + 62 = 69. What is v(j)?
-34
Let s(i) be the first derivative of i**3/3 - 5*i**2 + 10*i + 2. Let g(k) = -58*k - 1211. Let c be g(-21). Calculate s(c).
-11
Let u(g) = -2*g**2 + 7*g - 5. Let o(r) = 5*r - 27 - 10*r - 9*r + r**3 + 14*r**2 - 3*r. Let h be o(-15). Suppose 5*q - 21 = j, h*j - 12 = -5*q + 5. What is u(q)?
-9
Let p(h) = 15*h - 1. Let f(t) = -2*t + 1. Let v(c) = 5*f(c) + p(c). What is v(6)?
34
Let a be (2 + -1)*(3 + -23)/(-4). Let y(f) = 2281 - f**2 - 2281 + a*f. Calculate y(9).
-36
Let y(t) be the second derivative of t**3/6 + 24*t**2 - 1298*t. Determine y(-23).
25
Let s = 162 - 156. Let r(n) = -8*n + 14. Let d(p) = 7*p - 12. Let y(a) = s*d(a) + 5*r(a). Give y(-2).
-6
Suppose 0 = -12*u + 33 + 3. Suppose 42 = u*z + 33. Let a(n) = 3*n - 2. Calculate a(z).
7
Suppose t + 4*h + 0*h = 8, -4 = -2*t - 4*h. Let l(n) = n**3 + 4*n**2 - 7*n - 9. Let v be l(t). Let a(i) = -18 + i**3 - 5*i + 7*i**2 - 2*i + v. Give a(-8).
-7
Let i(l) be the second derivative of -l**4/4 - 11*l**3/6 + 7*l**2/2 + 957*l. Determine i(1).
-7
Let z(q) = 0 - 1 + 2090*q**2 + 4*q - 1052*q**2 - 1042*q**2 - q**3. What is z(1)?
-2
Let l(s) = 5*s**2 + 79*s - 206. Let a(i) = 4*i**2 + 57*i - 204. Let m(y) = 6*a(y) - 5*l(y). Determine m(-4).
2
Let m = 2931 + -2930. Let w(s) = -14*s**2 - 14*s + 17. Let h(d) = 5*d**2 + 5*d - 6. Let r(z) = -11*h(z) - 4*w(z). Give r(m).
0
Let w(o) = -17*o + 190. Let q be w(9). Let s(m) = -3*m + 7*m + 33 - q. Determine s(5).
16
Let r(m) = -41*m + 141. Let d(g) = -36*g + 140. Let v(h) = -7*d(h) + 6*r(h). What is v(32)?
58
Let w(f) = -1485*f - 8917. Let s be w(-6). Let z(y) = 33*y + 219. Determine z(s).
-12
Suppose 0 = -6*m - 490 + 466. Let w(r) be the second derivative of r**3 - 2*r + 2. What is w(m)?
-24
Let g = 115 - 122. Let d = 4 + g. Let f(a) = a**3 + 5*a**2 + 7*a - 13. Let t(i) = -i**2 - 1. Let y(n) = d*t(n) + f(n). What is y(-7)?
-10
Let q = -103 - -102. Let i(c) = -9*c**2 - 4*c + 8. Let a(x) = 2*x**2 + x - 1. Let t(u) = q*i(u) - 4*a(u). Calculate t(3).
5
Let r(y) = -y**2 - 3*y. Let w(z) = 5*z**2 + 49*z - 13. Let d(i) = 3*r(i) + w(i). Calculate d(-21).
29
Let j(d) = -3*d + 0 + d**2 + 2 + 7*d. Suppose 851*q = 235*q - 3696. Calculate j(q).
14
Suppose 3*c + 2 = q, 0 = -2*q + 3*q + 5*c + 22. Let u(a) = a + 6. Let r be (12/(-8))/((-6)/16). Let v(d) = 2*d + 11. Let g(m) = q*u(m) + r*v(m). Give g(-5).
-3
Let r(d) be the third derivative of d**4/6 - 34*d**3/3 - 10*d**2 - 2*d - 7. Determine r(12).
-20
Let n(c) = -c**3 - 5*c**2 + 2*c + 1. Let k be n(-5). Let f(p) be the third derivative of -p**5/60 - p**4/3 + 5*p**3/2 - 7*p**2 - 7. Calculate f(k).
6
Let m(k) = -k**3 + k**2 - 21*k - 14. Let c be m(-6). Let l(o) = -3 + c*o - 168*o - 184*o. Determine l(-3).
-39
Let a(z) = -11*z + 3. Let u(m) = 65*m + 114. Let c be u(-7). Let i = -344 - c. What is a(i)?
36
Let o(v) be the third derivative of v**8/20160 - v**7/1008 - 22*v**5/15 - 141*v**2. Let i(x) be the third derivative of o(x). What is i(3)?
-6
Let v = 173 + -163. Let p(l) = 1 + 5 - 14*l**2 - 13 + 15*l**2 + v*l. Give p(-10).
-7
Let i = 9412 + -9419. Let o(w) = 62*w + 429. Calculate o(i).
-5
Let u(t) be the second derivative of 1/2*t**2 + 12*t - 1/4*t**4 + 0 + 1/6*t**3. Let c(w) be the first derivative of u(w). What is c(1)?
-5
Let w(p) = -6*p + 1. Let d be w(-2). Let s(z) = 11*z**2 - d*z**2 + z - 9*z**2 - 8*z**2. Give s(1).
-18
Let v be -6 + 74/8 + (-3)/12. Let h(i) = -18 + i**v + 7 - 676*i**2 + 686*i**2 - 6*i + 14*i. Let l be -9*1/(-1 - -2). Calculate h(l).
-2
Let z(r) = -2*r + 2. Let l(p) = -p + 3. Let d(y) = -6*y + 81. Let j be d(13). Let m(i) = j*l(i) - 4*z(i). Calculate m(1).
6
Let m be (-2)/(-7) + 432/56. Suppose o + 6 = q, 7 + m = -5*q. Let y(z) be the second derivative of -z**3/6 - 13*z**2/2 + 3*z + 39. What is y(o)?
-4
Let f(n) be the third derivative of -n**6/360 + n**5/15 + n**4/24 + 5*n**3/3 + 169*